{"id":48,"date":"2017-04-09T17:10:46","date_gmt":"2017-04-09T15:10:46","guid":{"rendered":"http:\/\/www.piepenclub.de\/piepenclub\/?page_id=48"},"modified":"2023-11-21T12:46:29","modified_gmt":"2023-11-21T11:46:29","slug":"125-jahre","status":"publish","type":"page","link":"https:\/\/www.piepenclub.de\/?page_id=48","title":{"rendered":"125 Jahre"},"content":{"rendered":"<h1 style=\"text-align: center;\"><span style=\"color: #993300;\">Kommersabend<\/span><\/h1>\n<h2 style=\"text-align: center;\"><span style=\"color: #993300;\">\u201e125 Jahre Pfeifenclub Gem\u00fctlichkeit\u201c<\/span><\/h2>\n<h3 style=\"text-align: center;\"><span style=\"color: #993300;\">Fr.16.Juni 2017<\/span><\/h3>\n<h3 style=\"text-align: center;\"><span style=\"color: #993300;\">Beginn 19<sup>00<\/sup>Uhr<\/span><\/h3>\n<p style=\"text-align: center;\"><a href=\"https:\/\/www.piepenclub.de\/wp-content\/uploads\/2017\/04\/chronik-piepenclub.pdf\" target=\"_blank\" rel=\"noopener\"><span style=\"color: #993300;\"><strong>Die ersten 100 Jahre Pfeifenclub Gem\u00fctlichkeit<\/strong><\/span><\/a><\/p>\n<h3 style=\"text-align: center;\"><a href=\"https:\/\/photos.app.goo.gl\/j3FGMLqizugszmSw5\" target=\"_blank\" rel=\"noopener\"><span style=\"color: #ff0000;\">100 Jahre &#8222;Pfeifenclub Gem\u00fctlichkeit&#8220; der<\/span><span style=\"color: #ff0000;\"> Film<\/span><\/a><\/h3>\n<p>Bericht aus der Lat\u00fccht, \u00a0 \u00a0Heft Nr.109 ,Ausgabe September 2017 \u00a0\u00a0<a href=\"https:\/\/www.piepenclub.de\/wp-content\/uploads\/2017\/04\/125-jahre-Pfeifenclub.pdf\" target=\"_blank\" rel=\"noopener\">Seite 8<\/a><\/p>\n","protected":false},"excerpt":{"rendered":"<div class=\"mh-excerpt\"><p>Kommersabend \u201e125 Jahre Pfeifenclub Gem\u00fctlichkeit\u201c Fr.16.Juni 2017 Beginn 1900Uhr Die ersten 100 Jahre Pfeifenclub Gem\u00fctlichkeit 100 Jahre &#8222;Pfeifenclub Gem\u00fctlichkeit&#8220; der Film Bericht aus der Lat\u00fccht, <a class=\"mh-excerpt-more\" href=\"https:\/\/www.piepenclub.de\/?page_id=48\" title=\"125 Jahre\">[&#8230;]<\/a><\/p>\n<\/div>","protected":false},"author":1,"featured_media":0,"parent":0,"menu_order":0,"comment_status":"closed","ping_status":"closed","template":"","meta":{"footnotes":""},"class_list":["post-48","page","type-page","status-publish","hentry"],"_links":{"self":[{"href":"https:\/\/www.piepenclub.de\/index.php?rest_route=\/wp\/v2\/pages\/48","targetHints":{"allow":["GET"]}}],"collection":[{"href":"https:\/\/www.piepenclub.de\/index.php?rest_route=\/wp\/v2\/pages"}],"about":[{"href":"https:\/\/www.piepenclub.de\/index.php?rest_route=\/wp\/v2\/types\/page"}],"author":[{"embeddable":true,"href":"https:\/\/www.piepenclub.de\/index.php?rest_route=\/wp\/v2\/users\/1"}],"replies":[{"embeddable":true,"href":"https:\/\/www.piepenclub.de\/index.php?rest_route=%2Fwp%2Fv2%2Fcomments&post=48"}],"version-history":[{"count":16,"href":"https:\/\/www.piepenclub.de\/index.php?rest_route=\/wp\/v2\/pages\/48\/revisions"}],"predecessor-version":[{"id":901,"href":"https:\/\/www.piepenclub.de\/index.php?rest_route=\/wp\/v2\/pages\/48\/revisions\/901"}],"wp:attachment":[{"href":"https:\/\/www.piepenclub.de\/index.php?rest_route=%2Fwp%2Fv2%2Fmedia&parent=48"}],"curies":[{"name":"wp","href":"https:\/\/api.w.org\/{rel}","templated":true}]}}