{"id":292,"date":"2017-04-10T19:27:46","date_gmt":"2017-04-10T17:27:46","guid":{"rendered":"http:\/\/www.piepenclub.de\/piepenclub\/?page_id=292"},"modified":"2017-04-11T09:07:25","modified_gmt":"2017-04-11T07:07:25","slug":"satzung","status":"publish","type":"page","link":"https:\/\/www.piepenclub.de\/?page_id=292","title":{"rendered":"Satzung"},"content":{"rendered":"<h2><span style=\"color: #993300;\">Satzungen<\/span><\/h2>\n<p><span style=\"color: #993300;\">Des Pfeifenclubs\u201dGem\u00fctlichkeit\u201d von 1892 Neuengamme-Hinterdeich<\/span><\/p>\n<p><span style=\"color: #993300;\">1.Zweck des Vereins<\/span><\/p>\n<p><span style=\"color: #993300;\">Der Zweck des Vereins ist, den Mitgliedern desselben eine frohe Stunde an Rauchabenden sowie bei Festlichkeiten des Vereins, zu verschaffen.<\/span><\/p>\n<p><span style=\"color: #993300;\">2.Sitz des Vereins<\/span><\/p>\n<p><span style=\"color: #993300;\">Der Sitz des Vereins ist der Neuengammer Hinterdeich. Der Verein tagt im Lokal der Familie \u201dK\u00fccken\u201d.<\/span><\/p>\n<p><span style=\"color: #993300;\">3.Aufnahme \u2013 Bedingungen<\/span><\/p>\n<p><span style=\"color: #993300;\">a)die Aufnahme neuer Mitglieder erfolgt durch den Mehrheitsbeschlu\u00df der Generalversammlung am 2. Freitag im M\u00e4rz eines Jahres.<\/span><\/p>\n<p><span style=\"color: #993300;\">b)Die Anmeldung zur Aufnahme in den Verein geschieht schriftlich beim Vorstand.<\/span><\/p>\n<p><span style=\"color: #993300;\">c)Jedes Mitglied zahlt bei Aufnahme ein Eintrittsgeld sowie die laufenden Beitr\u00e4ge.<\/span><\/p>\n<p><span style=\"color: #993300;\">4.Verlust der Mitgliedschaft<\/span><\/p>\n<p><span style=\"color: #993300;\">Aus dem Verein werden mit Verlust eines jeden Anspruchs Mitglieder ausgeschlossen, welche<\/span><\/p>\n<p><span style=\"color: #993300;\">a)sich durch ihr Verhalten mit dem Zwecke des Vereins in Widerspruch setzen.<\/span><\/p>\n<p><span style=\"color: #993300;\">b)Jedes \u201dNeue Mitglied\u201d wird, wenn es nicht im 1.Jahran mindestens einer Veranstaltung teilgenommen hat, ausgeschlossen.<\/span><\/p>\n<p><span style=\"color: #993300;\">c)Mit der Entrichtung der laufenden Beitr\u00e4ge, l\u00e4nger als ein Jahr \u00fcber den festgesetzten F\u00e4lligkeitstermin hinaus, im R\u00fcckstand ist.<\/span><\/p>\n<p><span style=\"color: #993300;\">d)Den Festsetzungen der Satzung und den auf Grund g\u00fcltiger Beschl\u00fcsse der Generalversammlung getroffener Anordnungen beharrlich Ungehorsam entgegensetzen, de Ruhe und Ordnung in den Versammlungen des Vereins durch ungeb\u00fchrliches Benehmen st\u00f6ren.<\/span><\/p>\n<p><span style=\"color: #993300;\">e)Nach R\u00fcckkehr von einer Einberufung zur Wehrmacht, die Erkl\u00e4rung, die Mitgliedschaft wieder aufnehmen zu wollen, innerhalb eines halben Jahres nicht abgeben.<\/span><\/p>\n<p><span style=\"color: #993300;\">f)Ihren Austritt aus den Verein freiwillig erkl\u00e4ren. Anzeigen des Austritts sind schriftlich an den Vorstand zu richten.<\/span><\/p>\n<p><span style=\"color: #993300;\">Die Ausschlie\u00dfung von Mitgliedern setzt der Vorstand fest. Gegen eine derartige Festsetzung steht den betreffenden die Berufung an die n\u00e4chste Versammlung, binnen vier Wochen, offen. Diese entscheidet mit zweidrittel der anwesenden Mitglieder. Das ausscheidende Mitglied verliert alle Anspr\u00fcche an den Verein.<\/span><\/p>\n<p><span style=\"color: #993300;\">5.Wiederaufnahme ausgeschiedener Mitglieder<\/span><\/p>\n<p><span style=\"color: #993300;\">a)Wer freiwillig aus den Verein geschieden, kann sp\u00e4ter in demselben wieder aufgenommen werden, wird aber als neu aufzunehmendes Mitglied betrachtet.<\/span><\/p>\n<p><span style=\"color: #993300;\">b)Wohnungsver\u00e4nderungen m\u00fcssen dem Vorstand bzw. dem Schriftf\u00fchrer des Vereins gemeldet werden.<\/span><\/p>\n<p><span style=\"color: #993300;\">6.Ehrenmitglieder<\/span><\/p>\n<p><span style=\"color: #993300;\">E hrenmitglieder k\u00f6nnen von dem Verein ernannt werden. Dieselben sind stimmberechtigt und beitragsfrei.<\/span><\/p>\n<p><span style=\"color: #993300;\">Bei Vollendung des 70.Lebensjahres und ununterbrochener 15j\u00e4hriger Mitgliedschaft, wird der Pfeifenbruder beitragsfrei.<\/span><\/p>\n<p><span style=\"color: #993300;\">7.Regelm\u00e4\u00dfige Versammlung<\/span><\/p>\n<p><span style=\"color: #993300;\">a)Der Verein h\u00e4lt seine Versammlung bzw. Rauchabende im Vereinslokal ab, wo es jedem Mitglied gestattet ist, seine Pfeife zu rauchen.<\/span><\/p>\n<p><span style=\"color: #993300;\">b)Generalversammlung sind nach Bed\u00fcrfnis vom Vorstand einzuberufen. Die ordentliche Generalversammlung behufs Vorstandswahl, Erstattung des Jahres- und Kassenberichts, sowie etwaige Statuten-\u00c4nderung, findet am 2.Freitag im M\u00e4rz eines jeden Jahres statt. Jede Versammlung ist beschlu\u00dff\u00e4hig. Die in denselben gefa\u00dften Beschl\u00fcsse haben f\u00fcr alle Mitglieder des Vereins unbedingte G\u00fcltigkeit. Die Berufung der Versammlung erfolgt durch schriftliche Mitteilung des Vorstandes an die einzelnen Mitglieder. \u00dcber die in der Versammlung gefa\u00dften Beschl\u00fcsse ist ein Protokoll zu f\u00fchren, und vom Schriftf\u00fchrer zu unterzeichnen.<\/span><\/p>\n<p><span style=\"color: #993300;\">8. Vorstand<\/span><\/p>\n<p><span style=\"color: #993300;\">Der Vorstand des Vereins besteht aus:<\/span><\/p>\n<p><span style=\"color: #993300;\">Einem Vorsitzenden nebst Stellvertreter,<\/span><\/p>\n<p><span style=\"color: #993300;\">einem Schriftf\u00fchrer nebst Stellvertreter,<\/span><\/p>\n<p><span style=\"color: #993300;\">einem Kassierer nebst Stellvertreter.<\/span><\/p>\n<p><span style=\"color: #993300;\">Alle \u00c4mter werden unentgeldlich verwaltet. Jedoch werden Mitgliedern des Vorstandes die im Interesse des Vereins gemachten baren Auslagen erstattet. S\u00e4mtliche Vorstandsmitglieder werden halbschichtig auf die Dauer von zwei Jahren gew\u00e4hlt und nach Ablauf dieser Frist wieder w\u00e4hlbar. Es entscheidet die einfache Majorit\u00e4t der Anwesenden.<\/span><\/p>\n<p><span style=\"color: #993300;\">9. Vorsitznder<\/span><\/p>\n<p><span style=\"color: #993300;\">D er Vorsitzende, welcher den Verein vertritt, leitet die Versammlung nach parlamentarischen Regeln ohne im Allgemeinen an ein strenges festhalten der Formen gebunden zu sein.<\/span><\/p>\n<p><span style=\"color: #993300;\">Er ist befugt, dem Sprechenden, wenn diese Rede unangemessen erscheint und der ruf zur Ordnung unbeachtet bleibt, das Wort zu entziehen und berechtigt die Versammlung zu schlie\u00dfen, wenn die Verhandlung einen solchen Charakter annehmen, das sie zwecklos werden. Er wacht \u00fcber die p\u00fcnktliche Ausf\u00fchrung der statutarischen Bestimmungen, besonders dar\u00fcber, da\u00df in den Versammlungen des Vereins jede Er\u00f6rterung politischer und religi\u00f6ser Angelegenheit ausgeschlossen bleibt.<\/span><\/p>\n<p><span style=\"color: #993300;\">Der Vorsitzende erteilt dem Redner das Wort. Ohne dasselbe erhalten zu haben, darf kein Mitglied sprechen.<\/span><\/p>\n<p><span style=\"color: #993300;\">10. Schriftf\u00fchrer<\/span><\/p>\n<p><span style=\"color: #993300;\">D er Schriftf\u00fchrer verfa\u00dft \u00fcber jede Sitzung ein kurzes Protokoll und legt einen Jahresbericht f\u00fcr die Generalversammlung zur Genehmigung vor. Au\u00dferdem ist derselbe zur Abfassung aller Schriftst\u00fccke verpflichtet, welche die Verwaltung n\u00f6tig macht.<\/span><\/p>\n<p><span style=\"color: #993300;\">11. Kassierer<\/span><\/p>\n<p><span style=\"color: #993300;\">Der Kassierer nimmt die Beitr\u00e4ge und Eintrittsgelder in Empfang und verwaltet das gesammelte Verm\u00f6gen. Derselbe hat \u00fcber alle Einnahmen und Ausgaben Buch zu f\u00fchren, zahlt alle Anweisungen auf die Kasse und legt j\u00e4hrlich einen Kassenbericht vor.<\/span><\/p>\n<p><span style=\"color: #993300;\">12. Rechnungsausschu\u00df<\/span><\/p>\n<p><span style=\"color: #993300;\">Der Rechnungsausschu\u00df, welcher Mitgliedern besteht, wir zugleich mit dem Vorstand in der ordentlichen Generalversammlung gew\u00e4hlt. Wiederwahl ist zul\u00e4ssig. Derselbe hat die Jahresrechnung zu pr\u00fcfen, in der Generalversammlung am 2. Freitag im M\u00e4rz eines jeden Jahres ausf\u00fchrlich Bericht zu erstatten, behufs Beschlu\u00dffassung wegen Erteilung der Entlastung.<\/span><\/p>\n<p><span style=\"color: #993300;\">13. Vereinsverm\u00f6gen<\/span><\/p>\n<p><span style=\"color: #993300;\">D ie Kassenrevision findet regelm\u00e4\u00dfig halbj\u00e4hrlich durch den Vorstand statt. Au\u00dferdem ist der Rechnungsausschu\u00df befugt, die Kasse au\u00dferordetlich zu revidieren.<\/span><\/p>\n<p><span style=\"color: #993300;\">14. Sellvertreter<\/span><\/p>\n<p><span style=\"color: #993300;\">DieStellvertreter haben die Pflicht, die Vorstandsmitglieder bei Behinderungsf\u00e4llen zu vertreten, und bei Aus\u00fcbung ihrer Gesch\u00e4fte zu unterst\u00fctzen.<\/span><\/p>\n<p><span style=\"color: #993300;\">15. Festkomitee<\/span><\/p>\n<p><span style=\"color: #993300;\">F\u00fcr die Leitung und die Kontrolle der Festlichkeiten bzw. der Vergn\u00fcgen des Vereins, wird ein Komitee bestehend aus f\u00fcnf Mitgliedern, in der ordentlichen Generalversammlung gew\u00e4hlt und zwar auf ein Jahr. Wiederwahl ist zul\u00e4ssig.<\/span><\/p>\n<p><span style=\"color: #993300;\">16. Todesfall<\/span><\/p>\n<p><span style=\"color: #993300;\">a)Bei Todesfall eines Mitglieds ist es einen jeden Mitglieds Pflicht, ihm bei der Beerdigung die letzte Ehre zu geben.<\/span><\/p>\n<p><span style=\"color: #993300;\">b)Jeder verstorbener Pfeifenbruder bekommt einen Kranz zur Beerdigung und eine Anzeige in der Bergedorfer Zeitung.<\/span><\/p>\n<p><span style=\"color: #993300;\">c)Die Teilnahme des Vorstandes an der Beerdigung eines Pfeifenbruders, obliegt dem Vorstand.<\/span><\/p>\n<p><span style=\"color: #993300;\">d)Eine Vereinszugeh\u00f6rigkeit von 25 Jahren und mehr, mit pers\u00f6nlicher Anwesenheit bei \u00dcberreichung der Silbernadel durch den Vorstand ist Voraussetzung f\u00fcr die Teilnahme des Pfeifenclubs mit Banner, an der Beerdigung eines Pfeifenbruders.<\/span><\/p>\n<p><span style=\"color: #993300;\">17. Aufl\u00f6sung des Vereins<\/span><\/p>\n<p><span style=\"color: #993300;\">Der Antrag auf Aufl\u00f6sung des Vereins mu\u00df von einem Viertel der Mitglieder gestellt werden, und kann nur durch die Generalversammlung mit einer Majorit\u00e4t von dreiviertel der anwesenden Mitglieder angenommen werden. Alsdann entscheidet der Verein \u00fcber die Verwendung seines Verm\u00f6gens.<\/span><\/p>\n<p><span style=\"color: #993300;\">Wird der Verein wegen Unterbilanz aufgel\u00f6st, so sind die Mitglieder, die sich zur Zeit darin befinden, f\u00fcr die bestehenden Schulden haftbar.<\/span><\/p>\n<p><span style=\"color: #993300;\">Beschlossen und ge\u00e4ndert: M\u00e4rz 1991<\/span><\/p>\n","protected":false},"excerpt":{"rendered":"<div class=\"mh-excerpt\"><p>Satzungen Des Pfeifenclubs\u201dGem\u00fctlichkeit\u201d von 1892 Neuengamme-Hinterdeich 1.Zweck des Vereins Der Zweck des Vereins ist, den Mitgliedern desselben eine frohe Stunde an Rauchabenden sowie bei Festlichkeiten <a class=\"mh-excerpt-more\" href=\"https:\/\/www.piepenclub.de\/?page_id=292\" title=\"Satzung\">[&#8230;]<\/a><\/p>\n<\/div>","protected":false},"author":1,"featured_media":0,"parent":0,"menu_order":0,"comment_status":"closed","ping_status":"closed","template":"","meta":{"footnotes":""},"class_list":["post-292","page","type-page","status-publish","hentry"],"_links":{"self":[{"href":"https:\/\/www.piepenclub.de\/index.php?rest_route=\/wp\/v2\/pages\/292","targetHints":{"allow":["GET"]}}],"collection":[{"href":"https:\/\/www.piepenclub.de\/index.php?rest_route=\/wp\/v2\/pages"}],"about":[{"href":"https:\/\/www.piepenclub.de\/index.php?rest_route=\/wp\/v2\/types\/page"}],"author":[{"embeddable":true,"href":"https:\/\/www.piepenclub.de\/index.php?rest_route=\/wp\/v2\/users\/1"}],"replies":[{"embeddable":true,"href":"https:\/\/www.piepenclub.de\/index.php?rest_route=%2Fwp%2Fv2%2Fcomments&post=292"}],"version-history":[{"count":4,"href":"https:\/\/www.piepenclub.de\/index.php?rest_route=\/wp\/v2\/pages\/292\/revisions"}],"predecessor-version":[{"id":322,"href":"https:\/\/www.piepenclub.de\/index.php?rest_route=\/wp\/v2\/pages\/292\/revisions\/322"}],"wp:attachment":[{"href":"https:\/\/www.piepenclub.de\/index.php?rest_route=%2Fwp%2Fv2%2Fmedia&parent=292"}],"curies":[{"name":"wp","href":"https:\/\/api.w.org\/{rel}","templated":true}]}}